{"id":23355,"date":"2024-07-03T08:29:04","date_gmt":"2024-07-03T08:29:04","guid":{"rendered":"https:\/\/test11.f5test.in.ua\/pcs-resources\/coping-with-pcs\/"},"modified":"2026-01-07T13:54:42","modified_gmt":"2026-01-07T13:54:42","slug":"vivre-avec-spc","status":"publish","type":"page","link":"https:\/\/concussionandcte.org\/fr-ca\/ressources-spc\/vivre-avec-spc\/","title":{"rendered":"Vivre avec les syndrome post-commotionnel (SPC)"},"content":{"rendered":"","protected":false},"excerpt":{"rendered":"","protected":false},"author":1,"featured_media":11512,"parent":23343,"menu_order":0,"comment_status":"closed","ping_status":"closed","template":"tpl_flex-content.php","meta":{"inline_featured_image":false,"footnotes":""},"class_list":["post-23355","page","type-page","status-publish","has-post-thumbnail","hentry"],"acf":[],"yoast_head":"<!-- This site is optimized with the Yoast SEO plugin v27.4 - https:\/\/yoast.com\/product\/yoast-seo-wordpress\/ -->\n<title>Vivre avec SPC | Fondation H\u00e9ritage pour les Commotions C\u00e9r\u00e9brales Canada<\/title>\n<meta name=\"description\" content=\"La vie avec le syndrome post-commotionel (SPC) est difficile. Les sympt\u00f4mes peuvent g\u00eaner la vie quotidienne. Apprenez-en davantage sur la gestion du PCS \u00e0 la CLF.\" \/>\n<meta name=\"robots\" content=\"index, follow, max-snippet:-1, max-image-preview:large, max-video-preview:-1\" \/>\n<link rel=\"canonical\" href=\"https:\/\/concussionandcte.org\/fr-ca\/ressources-spc\/vivre-avec-spc\/\" \/>\n<meta property=\"og:locale\" content=\"fr_CA\" \/>\n<meta property=\"og:type\" content=\"article\" \/>\n<meta property=\"og:title\" content=\"Vivre avec SPC | Fondation H\u00e9ritage pour les Commotions C\u00e9r\u00e9brales Canada\" \/>\n<meta property=\"og:description\" content=\"La vie avec le syndrome post-commotionel (SPC) est difficile. Les sympt\u00f4mes peuvent g\u00eaner la vie quotidienne. Apprenez-en davantage sur la gestion du PCS \u00e0 la CLF.\" \/>\n<meta property=\"og:url\" content=\"https:\/\/concussionandcte.org\/fr-ca\/ressources-spc\/vivre-avec-spc\/\" \/>\n<meta property=\"og:site_name\" content=\"Concussion &amp; CTE Foundation\" \/>\n<meta property=\"article:modified_time\" content=\"2026-01-07T13:54:42+00:00\" \/>\n<meta property=\"og:image\" content=\"https:\/\/concussionandcte.org\/wp-content\/uploads\/2024\/08\/Kylie-Lowell-hike.jpg\" \/>\n\t<meta property=\"og:image:width\" content=\"500\" \/>\n\t<meta property=\"og:image:height\" content=\"300\" \/>\n\t<meta property=\"og:image:type\" content=\"image\/jpeg\" \/>\n<meta name=\"twitter:card\" content=\"summary_large_image\" \/>\n<meta name=\"twitter:label1\" content=\"Estimation du temps de lecture\" \/>\n\t<meta name=\"twitter:data1\" content=\"1 minute\" \/>\n<script type=\"application\/ld+json\" class=\"yoast-schema-graph\">{\"@context\":\"https:\\\/\\\/schema.org\",\"@graph\":[{\"@type\":\"WebPage\",\"@id\":\"https:\\\/\\\/concussionandcte.org\\\/fr-ca\\\/ressources-spc\\\/vivre-avec-spc\\\/\",\"url\":\"https:\\\/\\\/concussionandcte.org\\\/fr-ca\\\/ressources-spc\\\/vivre-avec-spc\\\/\",\"name\":\"Vivre avec SPC | Fondation H\u00e9ritage pour les Commotions C\u00e9r\u00e9brales Canada\",\"isPartOf\":{\"@id\":\"https:\\\/\\\/concussionandcte.org\\\/fr-ca\\\/#website\"},\"primaryImageOfPage\":{\"@id\":\"https:\\\/\\\/concussionandcte.org\\\/fr-ca\\\/ressources-spc\\\/vivre-avec-spc\\\/#primaryimage\"},\"image\":{\"@id\":\"https:\\\/\\\/concussionandcte.org\\\/fr-ca\\\/ressources-spc\\\/vivre-avec-spc\\\/#primaryimage\"},\"thumbnailUrl\":\"https:\\\/\\\/concussionandcte.org\\\/wp-content\\\/uploads\\\/2024\\\/08\\\/Kylie-Lowell-hike.jpg\",\"datePublished\":\"2024-07-03T08:29:04+00:00\",\"dateModified\":\"2026-01-07T13:54:42+00:00\",\"description\":\"La vie avec le syndrome post-commotionel (SPC) est difficile. Les sympt\u00f4mes peuvent g\u00eaner la vie quotidienne. Apprenez-en davantage sur la gestion du PCS \u00e0 la CLF.\",\"breadcrumb\":{\"@id\":\"https:\\\/\\\/concussionandcte.org\\\/fr-ca\\\/ressources-spc\\\/vivre-avec-spc\\\/#breadcrumb\"},\"inLanguage\":\"fr-CA\",\"potentialAction\":[{\"@type\":\"ReadAction\",\"target\":[\"https:\\\/\\\/concussionandcte.org\\\/fr-ca\\\/ressources-spc\\\/vivre-avec-spc\\\/\"]}]},{\"@type\":\"ImageObject\",\"inLanguage\":\"fr-CA\",\"@id\":\"https:\\\/\\\/concussionandcte.org\\\/fr-ca\\\/ressources-spc\\\/vivre-avec-spc\\\/#primaryimage\",\"url\":\"https:\\\/\\\/concussionandcte.org\\\/wp-content\\\/uploads\\\/2024\\\/08\\\/Kylie-Lowell-hike.jpg\",\"contentUrl\":\"https:\\\/\\\/concussionandcte.org\\\/wp-content\\\/uploads\\\/2024\\\/08\\\/Kylie-Lowell-hike.jpg\",\"width\":500,\"height\":300,\"caption\":\"CLF Peer Support Volunteer Kylie Lowell staying healthy by hiking outdoors\"},{\"@type\":\"BreadcrumbList\",\"@id\":\"https:\\\/\\\/concussionandcte.org\\\/fr-ca\\\/ressources-spc\\\/vivre-avec-spc\\\/#breadcrumb\",\"itemListElement\":[{\"@type\":\"ListItem\",\"position\":1,\"name\":\"Home\",\"item\":\"https:\\\/\\\/concussionandcte.org\\\/fr-ca\\\/\"},{\"@type\":\"ListItem\",\"position\":2,\"name\":\"Ressources sur le SPC\",\"item\":\"https:\\\/\\\/concussionandcte.org\\\/fr-ca\\\/ressources-spc\\\/\"},{\"@type\":\"ListItem\",\"position\":3,\"name\":\"Vivre avec les syndrome post-commotionnel (SPC)\"}]},{\"@type\":\"WebSite\",\"@id\":\"https:\\\/\\\/concussionandcte.org\\\/fr-ca\\\/#website\",\"url\":\"https:\\\/\\\/concussionandcte.org\\\/fr-ca\\\/\",\"name\":\"Concussion &amp; CTE Foundation\",\"description\":\"\",\"potentialAction\":[{\"@type\":\"SearchAction\",\"target\":{\"@type\":\"EntryPoint\",\"urlTemplate\":\"https:\\\/\\\/concussionandcte.org\\\/fr-ca\\\/?s={search_term_string}\"},\"query-input\":{\"@type\":\"PropertyValueSpecification\",\"valueRequired\":true,\"valueName\":\"search_term_string\"}}],\"inLanguage\":\"fr-CA\"}]}<\/script>\n<!-- \/ Yoast SEO plugin. -->","yoast_head_json":{"title":"Vivre avec SPC | Fondation H\u00e9ritage pour les Commotions C\u00e9r\u00e9brales Canada","description":"La vie avec le syndrome post-commotionel (SPC) est difficile. Les sympt\u00f4mes peuvent g\u00eaner la vie quotidienne. Apprenez-en davantage sur la gestion du PCS \u00e0 la CLF.","robots":{"index":"index","follow":"follow","max-snippet":"max-snippet:-1","max-image-preview":"max-image-preview:large","max-video-preview":"max-video-preview:-1"},"canonical":"https:\/\/concussionandcte.org\/fr-ca\/ressources-spc\/vivre-avec-spc\/","og_locale":"fr_CA","og_type":"article","og_title":"Vivre avec SPC | Fondation H\u00e9ritage pour les Commotions C\u00e9r\u00e9brales Canada","og_description":"La vie avec le syndrome post-commotionel (SPC) est difficile. Les sympt\u00f4mes peuvent g\u00eaner la vie quotidienne. Apprenez-en davantage sur la gestion du PCS \u00e0 la CLF.","og_url":"https:\/\/concussionandcte.org\/fr-ca\/ressources-spc\/vivre-avec-spc\/","og_site_name":"Concussion &amp; CTE Foundation","article_modified_time":"2026-01-07T13:54:42+00:00","og_image":[{"width":500,"height":300,"url":"https:\/\/concussionandcte.org\/wp-content\/uploads\/2024\/08\/Kylie-Lowell-hike.jpg","type":"image\/jpeg"}],"twitter_card":"summary_large_image","twitter_misc":{"Estimation du temps de lecture":"1 minute"},"schema":{"@context":"https:\/\/schema.org","@graph":[{"@type":"WebPage","@id":"https:\/\/concussionandcte.org\/fr-ca\/ressources-spc\/vivre-avec-spc\/","url":"https:\/\/concussionandcte.org\/fr-ca\/ressources-spc\/vivre-avec-spc\/","name":"Vivre avec SPC | Fondation H\u00e9ritage pour les Commotions C\u00e9r\u00e9brales Canada","isPartOf":{"@id":"https:\/\/concussionandcte.org\/fr-ca\/#website"},"primaryImageOfPage":{"@id":"https:\/\/concussionandcte.org\/fr-ca\/ressources-spc\/vivre-avec-spc\/#primaryimage"},"image":{"@id":"https:\/\/concussionandcte.org\/fr-ca\/ressources-spc\/vivre-avec-spc\/#primaryimage"},"thumbnailUrl":"https:\/\/concussionandcte.org\/wp-content\/uploads\/2024\/08\/Kylie-Lowell-hike.jpg","datePublished":"2024-07-03T08:29:04+00:00","dateModified":"2026-01-07T13:54:42+00:00","description":"La vie avec le syndrome post-commotionel (SPC) est difficile. Les sympt\u00f4mes peuvent g\u00eaner la vie quotidienne. Apprenez-en davantage sur la gestion du PCS \u00e0 la CLF.","breadcrumb":{"@id":"https:\/\/concussionandcte.org\/fr-ca\/ressources-spc\/vivre-avec-spc\/#breadcrumb"},"inLanguage":"fr-CA","potentialAction":[{"@type":"ReadAction","target":["https:\/\/concussionandcte.org\/fr-ca\/ressources-spc\/vivre-avec-spc\/"]}]},{"@type":"ImageObject","inLanguage":"fr-CA","@id":"https:\/\/concussionandcte.org\/fr-ca\/ressources-spc\/vivre-avec-spc\/#primaryimage","url":"https:\/\/concussionandcte.org\/wp-content\/uploads\/2024\/08\/Kylie-Lowell-hike.jpg","contentUrl":"https:\/\/concussionandcte.org\/wp-content\/uploads\/2024\/08\/Kylie-Lowell-hike.jpg","width":500,"height":300,"caption":"CLF Peer Support Volunteer Kylie Lowell staying healthy by hiking outdoors"},{"@type":"BreadcrumbList","@id":"https:\/\/concussionandcte.org\/fr-ca\/ressources-spc\/vivre-avec-spc\/#breadcrumb","itemListElement":[{"@type":"ListItem","position":1,"name":"Home","item":"https:\/\/concussionandcte.org\/fr-ca\/"},{"@type":"ListItem","position":2,"name":"Ressources sur le SPC","item":"https:\/\/concussionandcte.org\/fr-ca\/ressources-spc\/"},{"@type":"ListItem","position":3,"name":"Vivre avec les syndrome post-commotionnel (SPC)"}]},{"@type":"WebSite","@id":"https:\/\/concussionandcte.org\/fr-ca\/#website","url":"https:\/\/concussionandcte.org\/fr-ca\/","name":"Concussion &amp; CTE Foundation","description":"","potentialAction":[{"@type":"SearchAction","target":{"@type":"EntryPoint","urlTemplate":"https:\/\/concussionandcte.org\/fr-ca\/?s={search_term_string}"},"query-input":{"@type":"PropertyValueSpecification","valueRequired":true,"valueName":"search_term_string"}}],"inLanguage":"fr-CA"}]}},"featured_image_src":"https:\/\/concussionandcte.org\/wp-content\/uploads\/2024\/08\/Kylie-Lowell-hike.jpg","featured_image_src_square":"https:\/\/concussionandcte.org\/wp-content\/uploads\/2024\/08\/Kylie-Lowell-hike.jpg","_links":{"self":[{"href":"https:\/\/concussionandcte.org\/fr-ca\/wp-json\/wp\/v2\/pages\/23355","targetHints":{"allow":["GET"]}}],"collection":[{"href":"https:\/\/concussionandcte.org\/fr-ca\/wp-json\/wp\/v2\/pages"}],"about":[{"href":"https:\/\/concussionandcte.org\/fr-ca\/wp-json\/wp\/v2\/types\/page"}],"author":[{"embeddable":true,"href":"https:\/\/concussionandcte.org\/fr-ca\/wp-json\/wp\/v2\/users\/1"}],"replies":[{"embeddable":true,"href":"https:\/\/concussionandcte.org\/fr-ca\/wp-json\/wp\/v2\/comments?post=23355"}],"version-history":[{"count":0,"href":"https:\/\/concussionandcte.org\/fr-ca\/wp-json\/wp\/v2\/pages\/23355\/revisions"}],"up":[{"embeddable":true,"href":"https:\/\/concussionandcte.org\/fr-ca\/wp-json\/wp\/v2\/pages\/23343"}],"wp:featuredmedia":[{"embeddable":true,"href":"https:\/\/concussionandcte.org\/fr-ca\/wp-json\/wp\/v2\/media\/11512"}],"wp:attachment":[{"href":"https:\/\/concussionandcte.org\/fr-ca\/wp-json\/wp\/v2\/media?parent=23355"}],"curies":[{"name":"wp","href":"https:\/\/api.w.org\/{rel}","templated":true}]}}

<!-- This site is optimized with the Yoast SEO plugin v27.4 - https://yoast.com/product/yoast-seo-wordpress/ -->
<title>Vivre avec SPC | Fondation Héritage pour les Commotions Cérébrales Canada</title>
<meta name="description" content="La vie avec le syndrome post-commotionel (SPC) est difficile. Les symptômes peuvent gêner la vie quotidienne. Apprenez-en davantage sur la gestion du PCS à la CLF." />
<meta name="robots" content="index, follow, max-snippet:-1, max-image-preview:large, max-video-preview:-1" />
<link rel="canonical" href="https://concussionandcte.org/fr-ca/ressources-spc/vivre-avec-spc/" />
<meta property="og:locale" content="fr_CA" />
<meta property="og:type" content="article" />
<meta property="og:title" content="Vivre avec SPC | Fondation Héritage pour les Commotions Cérébrales Canada" />
<meta property="og:description" content="La vie avec le syndrome post-commotionel (SPC) est difficile. Les symptômes peuvent gêner la vie quotidienne. Apprenez-en davantage sur la gestion du PCS à la CLF." />
<meta property="og:url" content="https://concussionandcte.org/fr-ca/ressources-spc/vivre-avec-spc/" />
<meta property="og:site_name" content="Concussion &amp; CTE Foundation" />
<meta property="article:modified_time" content="2026-01-07T13:54:42+00:00" />
<meta property="og:image" content="https://concussionandcte.org/wp-content/uploads/2024/08/Kylie-Lowell-hike.jpg" />
	<meta property="og:image:width" content="500" />
	<meta property="og:image:height" content="300" />
	<meta property="og:image:type" content="image/jpeg" />
<meta name="twitter:card" content="summary_large_image" />
<meta name="twitter:label1" content="Estimation du temps de lecture" />
	<meta name="twitter:data1" content="1 minute" />
<script type="application/ld+json" class="yoast-schema-graph">{"@context":"https:\/\/schema.org","@graph":[{"@type":"WebPage","@id":"https:\/\/concussionandcte.org\/fr-ca\/ressources-spc\/vivre-avec-spc\/","url":"https:\/\/concussionandcte.org\/fr-ca\/ressources-spc\/vivre-avec-spc\/","name":"Vivre avec SPC | Fondation Héritage pour les Commotions Cérébrales Canada","isPartOf":{"@id":"https:\/\/concussionandcte.org\/fr-ca\/#website"},"primaryImageOfPage":{"@id":"https:\/\/concussionandcte.org\/fr-ca\/ressources-spc\/vivre-avec-spc\/#primaryimage"},"image":{"@id":"https:\/\/concussionandcte.org\/fr-ca\/ressources-spc\/vivre-avec-spc\/#primaryimage"},"thumbnailUrl":"https:\/\/concussionandcte.org\/wp-content\/uploads\/2024\/08\/Kylie-Lowell-hike.jpg","datePublished":"2024-07-03T08:29:04+00:00","dateModified":"2026-01-07T13:54:42+00:00","description":"La vie avec le syndrome post-commotionel (SPC) est difficile. Les symptômes peuvent gêner la vie quotidienne. Apprenez-en davantage sur la gestion du PCS à la CLF.","breadcrumb":{"@id":"https:\/\/concussionandcte.org\/fr-ca\/ressources-spc\/vivre-avec-spc\/#breadcrumb"},"inLanguage":"fr-CA","potentialAction":[{"@type":"ReadAction","target":["https:\/\/concussionandcte.org\/fr-ca\/ressources-spc\/vivre-avec-spc\/"]}]},{"@type":"ImageObject","inLanguage":"fr-CA","@id":"https:\/\/concussionandcte.org\/fr-ca\/ressources-spc\/vivre-avec-spc\/#primaryimage","url":"https:\/\/concussionandcte.org\/wp-content\/uploads\/2024\/08\/Kylie-Lowell-hike.jpg","contentUrl":"https:\/\/concussionandcte.org\/wp-content\/uploads\/2024\/08\/Kylie-Lowell-hike.jpg","width":500,"height":300,"caption":"CLF Peer Support Volunteer Kylie Lowell staying healthy by hiking outdoors"},{"@type":"BreadcrumbList","@id":"https:\/\/concussionandcte.org\/fr-ca\/ressources-spc\/vivre-avec-spc\/#breadcrumb","itemListElement":[{"@type":"ListItem","position":1,"name":"Home","item":"https:\/\/concussionandcte.org\/fr-ca\/"},{"@type":"ListItem","position":2,"name":"Ressources sur le SPC","item":"https:\/\/concussionandcte.org\/fr-ca\/ressources-spc\/"},{"@type":"ListItem","position":3,"name":"Vivre avec les syndrome post-commotionnel (SPC)"}]},{"@type":"WebSite","@id":"https:\/\/concussionandcte.org\/fr-ca\/#website","url":"https:\/\/concussionandcte.org\/fr-ca\/","name":"Concussion &amp; CTE Foundation","description":"","potentialAction":[{"@type":"SearchAction","target":{"@type":"EntryPoint","urlTemplate":"https:\/\/concussionandcte.org\/fr-ca\/?s={search_term_string}"},"query-input":{"@type":"PropertyValueSpecification","valueRequired":true,"valueName":"search_term_string"}}],"inLanguage":"fr-CA"}]}</script>
<!-- / Yoast SEO plugin. -->

Vivre avec SPC | Fondation Héritage pour les Commotions Cérébrales Canada

La vie avec le syndrome post-commotionel (SPC) est difficile. Les symptômes peuvent gêner la vie quotidienne. Apprenez-en davantage sur la gestion du PCS à la CLF.
